= -6 - -10. Suppose 0 = j + 4*f - 78, v*j + 75 = -f + 417. What is the remainder when j is divided by k?
20
Let j(m) = -m + 1. Let i(x) = -x**2 - 29*x + 1. Let k(q) = -i(q) + 6*j(q). What is the remainder when 42 is divided by k(-24)?
13
What is the remainder when 2755/38*((-1272)/20)/(-3) is divided by 81?
79
Let x(c) = 9*c + 14. Let f be x(-6). What is the remainder when f/(-60) + (-112)/(-3) is divided by 10?
8
Let b(z) = -7*z - 5. What is the remainder when 19/(247/585)*(2 - 1) is divided by b(-4)?
22
Suppose -24*t = 18*t + 1490 - 4472. Let r = 18 - 6. Calculate the remainder when t is divided by r.
11
Suppose 5 = 2*x + 2*s - 1, 0 = -3*s + 3. What is the remainder when 35 is divided by (x/(-5))/((-177)/(-90) - 2)?
11
Let w(k) be the second derivative of 5*k**3/2 - 73*k**2/2 - 2*k. Calculate the remainder when w(10) is divided by 27.
23
What is the remainder when 132 is divided by -3 + ((-630)/28)/((-1)/2)?
6
Let l(n) = -n**2 - 4*n + 4. Let h be l(0). Suppose 3*f - 51 = -h*y + 3*y, -y - 4*f = -51. What is the remainder when y is divided by 13?
12
Let r = -18 - -53. Suppose -73 = -2*d - 89. Calculate the remainder when (412/(-10))/(d/20) is divided by r.
33
Let s = 8 - -7. Calculate the remainder when 110 is divided by s.
5
Let x(w) = -w**3 + 5*w**2 - w. Let t be 39/9 + (-2)/6. Let o be x(t). Suppose 0 = -5*g - 2 + o. What is the remainder when g is divided by 1?
0
Let g = -16 + -2. Let y = 159 - g. What is the remainder when y is divided by 10?
7
Suppose -197 = -70*s + 83. Let k(j) = -j**3 + 8*j**2 - 6*j + 8. Calculate the remainder when k(7) is divided by s.
3
Suppose -660 = -21*f - 156. Calculate the remainder when 378 is divided by f.
18
Let j = 14 - 12. Suppose -j*w - p + 1 = -w, 4*p = -2*w. Calculate the remainder when 8 is divided by w.
0
What is the remainder when 36 is divided by 38*2/4 + -1 + -3?
6
Let h(l) = 12 + 3 + 6*l + 6*l - 12. What is the remainder when h(3) is divided by 21?
18
Let x = 137 + -75. Let j(l) = 6*l**2 - l - 3. Let o be j(-3). Suppose -3*p + o + x = 5*t, 0 = -t + 4*p + 37. What is the remainder when t is divided by 13?
12
Suppose s + 1 = 2*v, 3*s = -2*v + 4 - 23. Let g(k) = -7*k - 5. What is the remainder when 21 is divided by g(v)?
3
Let h(f) = f**2 - 14*f + 91. Calculate the remainder when h(13) is divided by 8.
6
Let n(r) be the third derivative of r**6/120 - 7*r**5/60 - 23*r**4/24 - 11*r**3/6 + 39*r**2. Calculate the remainder when n(10) is divided by 16.
11
Let s = 67 + 273. Let v = -224 + s. What is the remainder when v is divided by 34?
14
Calculate the remainder when 342 is divided by (-28)/24 + 1 - (-885)/18.
48
Suppose -4*s + 4*g = -708, 0 = -s + 5*g - 25 + 182. What is the remainder when s is divided by 21?
14
Suppose -3*n = 3*c - 125 - 121, 226 = 3*c - 2*n. What is the remainder when c is divided by 17?
10
Suppose 0*o = 4*o - 12. Suppose -368 = 16*g - 20*g. Let b = g - 86. What is the remainder when b is divided by o?
0
Suppose 10 = 2*l + 4*k, 20 = -5*k - 5. Calculate the remainder when l is divided by 1.
0
Let r(d) = -2*d - 10. Let a be r(-6). Suppose l + a*k = 2*l - 12, 2*l + 21 = -5*k. Suppose -4*y = -l - 82. What is the remainder when y is divided by 6?
3
Calculate the remainder when ((-16)/10)/(-10*10/26250) is divided by 17.
12
Suppose 0 = -5*s - 3*b - 266, 4 = -b - b. Calculate the remainder when (-7 + (-9)/(-2))/(2/s) is divided by 17.
14
Suppose -2*x + 37 = -5*t, -t = 6*x - x + 2. Let c be -1 - t*(-2 - -3). What is the remainder when ((-26)/c)/(2/(-18)) is divided by 14?
11
Suppose -2*b + 31 = -3*i, 10 + 3 = b - i. Let q(l) = -l**2 - 38. Let m be q(0). Let s = m - -68. Calculate the remainder when s is divided by b.
6
Let z(y) = 6*y - 6. Let m be z(9). Suppose s + m = 4*s. Suppose 16 - 145 = -4*f + 3*w, -2*f = 5*w - 45. Calculate the remainder when f is divided by s.
14
Suppose 8*h + 681 + 111 = 0. Let v = h + 135. What is the remainder when v is divided by 13?
10
Let d(q) = q**2 + q + 42. Let k be 0/(-2*2/4). Let u(r) = r**3 + r**2 + 2*r - 1. Calculate the remainder when d(k) is divided by u(2).
12
Let x be (3/((-6)/(-4)))/(-1). Suppose 0 = -9*q + 3*q. Calculate the remainder when 5 is divided by 12/3 + x + q.
1
Let l be (-5)/((-25)/20) - -362. Suppose 3*r + 3*r = l. What is the remainder when r is divided by 16?
13
Suppose 5*j = 4*x + 111, -x - 9 = -12*j + 17*j. Let w(c) = c**3 + 23*c**2 - 29*c - 42. What is the remainder when w(x) is divided by 8?
6
Suppose -4*l + 86 = 2*h, 3*l = l + 3*h + 63. Calculate the remainder when 143 is divided by l.
23
Let k(t) = -72*t - 281. Calculate the remainder when k(-9) is divided by 37.
34
Let p = -55 + 113. Suppose -5*x + p + 32 = 0. What is the remainder when 52 is divided by x?
16
Let g be ((-144)/(-15))/(15/50). What is the remainder when 69 is divided by 182/5 + g/(-80)?
33
Suppose 0 = -3*f + 73 + 20. Suppose -z - 61 = -183. Calculate the remainder when z is divided by f.
29
Let h = 8 + -6. Suppose d + 67 = h*d. What is the remainder when d is divided by 17?
16
Let s be (-4)/8*8/(-2). Suppose s*i + 3 = 5*i, 0 = -3*l + 3*i + 24. What is the remainder when (12/7)/((-7)/(-98)) is divided by l?
6
Suppose 68*d = 42*d + 676. What is the remainder when 143 is divided by d?
13
Let b = 195 - 169. Calculate the remainder when 37 is divided by b.
11
Calculate the remainder when 120 is divided by ((-84)/18 + 5)*60.
0
Let k = -997 + 1107. Calculate the remainder when k is divided by 59.
51
Suppose o + 2*s - 12 = 0, -3*o + 1 = -s - 14. Let u be (4 + -2)/((-4)/30). What is the remainder when -32*(u/(-6) - 3) is divided by o?
4
Let l = -11 + 20. Let p = l + -2. What is the remainder when 26 is divided by p?
5
Let o(i) be the third derivative of i**5/30 - 7*i**4/24 - i**3/6 - i**2. Let l be o(6). Let d = l - 1. Calculate the remainder when d is divided by 15.
13
Let x = -412 + 739. Suppose -4*m + 17 = -x. Let i = 46 + -17. What is the remainder when m is divided by i?
28
Suppose -4*d + 15 = d + 4*o, -12 = -3*d - 3*o. Let u be (-15)/5 + d*37. Let b = u + 97. What is the remainder when b is divided by 15?
12
Suppose 0*h + 3*h - 2*w = 20, -4*w = -20. Let j = -1171 - -1196. Calculate the remainder when j is divided by h.
5
Let z = 98 + -79. Calculate the remainder when (-2)/(-1) + 29 + 6 is divided by z.
18
Suppose 33 = 4*d - 5*y, -2*d - 4*y = -4*d + 12. Suppose -2 + d = 2*w. Calculate the remainder when 1*(7 + -2) - -2 is divided by w.
2
Let x = 11 - -44. Let q = -31 + x. What is the remainder when q is divided by 5?
4
Let z be (0 + 2)*54/4. Suppose 26*t - z*t = -21. What is the remainder when 60 is divided by t?
18
Calculate the remainder when (-4)/(-16)*196 - -5 is divided by 3.
0
Let n(s) = 6*s**2 + s + 5. Let h be n(-6). Suppose h = 4*u + u. Suppose -u = -4*q - 3*b + 21, 2*q - 32 = -2*b. Calculate the remainder when 61 is divided by q.
13
Suppose k - 19 = 2*m - 8, m = 2*k - 7. Let t = m + 16. Let i(d) = d**2 - 3*d + 2. What is the remainder when i(6) is divided by t?
9
Suppose -m - 338 + 1020 = 4*p, m - 5*p = 727. Suppose -23*z + 26 = 256. Calculate the remainder when 18 is divided by 8/z + m/90.
4
Let w = -693 + 741. What is the remainder when w is divided by 5?
3
Let a(m) = 3*m**2 - 13*m + 52. What is the remainder when a(7) is divided by 49?
10
Let o be 8/12 + 20/6. Suppose o*c + 92 = -2*m - 2*m, -3*c + 5*m - 29 = 0. Let g = c + 27. Calculate the remainder when g is divided by 3.
0
Let p be ((-150)/(-14) + 8/28)*1. Suppose -p = -z + 15. What is the remainder when 50 is divided by z?
24
Suppose 92 = a + 3*a. Let g be 6/1*799/(-51). Let t = -27 - g. What is the remainder when t is divided by a?
21
Suppose -410 = 100*q - 1510. Suppose -t - 2*t = -21. Calculate the remainder when q is divided by t.
4
Suppose 0 = -5*k + 8*k - 96. Suppose k*w = 37*w - 220. What is the remainder when w is divided by 15?
14
Let r = -2205 + 2299. What is the remainder when r is divided by 15?
4
Let i = 334 + -286. Let a(o) = -o**3 - 8*o**2 - o + 9. What is the remainder when i is divided by a(-8)?
14
Suppose 4*a - 70 = -a. Suppose -2*o = -5*f - 100, 5*o - 50 = 4*f + 13. Let q = 3 - f. Calculate the remainder when q is divided by a.
11
Let a(g) = g**3 - 14*g**2 - 13*g - 7. Let i(l) = -5*l - 1. Let h be i(-1). Suppose 96 = h*u - 268. Calculate the remainder when u is divided by a(15).